hat is the tens digit of i?
2
Suppose -k + 0*k = 7*g - 10677, -1523 = -g + k. What is the units digit of g?
5
Suppose -8*y - 24 = -4*y. What is the hundreds digit of 106 + 1 + (y - -4)?
1
Suppose -w + 3*w + 141 = 5*u, 3*w + 110 = 4*u. Let t = 59 - u. What is the tens digit of t?
3
Suppose 0 = -5*q + 26 + 19. Let g = q + 3. What is the units digit of g?
2
Let l(j) = 10*j**2 + 7*j + 4. Let w be l(-4). Suppose -4*m - k = -w, -3*m + 5*k = -109 - 16. What is the units digit of m?
5
Suppose -a - 95 = -2*d, -5*d - 3*a + 205 = -d. Suppose 4*o - d = 171. What is the units digit of o?
5
Suppose b + 4 = 0, 2*s - s - 4*b = 9. What is the tens digit of (-2)/s + (-3900)/(-70)?
5
What is the hundreds digit of (-37316)/(-133) + 9/21?
2
Suppose -2*t = 5*j - 10, -j + 0 = -5*t - 2. What is the units digit of j/(6/3)*(-2 + 158)?
6
Suppose 82*g = 2*z + 81*g - 1931, 5*g + 2893 = 3*z. What is the units digit of z?
6
Suppose -2*x + f + f = -118, -3*x = 2*f - 162. Let d = x + -26. What is the tens digit of d?
3
Let j(q) = -3*q**2 + 14*q + 64. Let b be j(-5). Suppose -3*k + 0*k - 90 = 0. Let h = k - b. What is the units digit of h?
1
Let k = -4 + 28. Suppose 4*j = 10*j - k. Suppose 4*u + j*u - 40 = 0. What is the units digit of u?
5
Suppose 4*f = 2*l + 16, -2 = 3*f + 3*l + 4. Let j(a) = a**3 - 4*a + 3. Let n be j(f). What is the units digit of 13/(n/(-24)*-4)?
6
Let x(t) = t**3 + 12*t**2 + 32*t + 24. What is the tens digit of x(-7)?
4
Let z(f) be the third derivative of f**6/120 - f**5/120 - f**3 + 5*f**2. Let b(i) be the first derivative of z(i). What is the tens digit of b(-3)?
3
Let a = -9 - -11. Suppose -227 = -a*i - 5*b, i - b = 4*b + 91. What is the tens digit of i?
0
Suppose 2*d - d - 11 = 0. Suppose 13*s = d*s + 110. Let b = s - 19. What is the units digit of b?
6
Let d = 19 + -40. Let o = 136 + -37. What is the units digit of 21*(-3 - o/d)?
6
Let b(z) = z**3 + 2*z**2 - 3*z + 2. Let d be b(-3). Let h(o) = -3 + d*o + 29*o**2 + 4 - 3. What is the units digit of h(1)?
9
Let o be (10/(-8))/(1/(-24)). Let p = o + -26. Suppose -4*w + 148 = -4*j, p*j - 2 = w - 30. What is the units digit of w?
0
Suppose 2*s = -0*s + 24. Suppose 3*f = -3*q - 9, 3*q = 2*q + 2*f + s. What is the units digit of q?
2
Let a(s) = s**2 - 2*s + 61. Let q(t) = -t**2 + t + 19. Let b be q(5). Let d be -2 - -1 - (-2 - b). What is the units digit of a(d)?
1
Let w = -26 + 12. Let o = 15 - w. What is the tens digit of o?
2
Suppose 2*u - 67 = 137. Suppose -750 = -4*j - u. What is the tens digit of j?
6
Let f(n) = n**2 - 4. Let c = -47 - -59. What is the units digit of f(c)?
0
Let r(f) = -f**3 - 19*f**2 - f + 21. Let g be r(-19). Suppose 6*b - 884 = g. What is the tens digit of b?
5
Suppose 3*l - 2785 + 649 = 0. Suppose 3*q - l = -5*q. What is the units digit of q?
9
Let f = 73 - 65. What is the tens digit of 322/f + 3/4?
4
Let b be 0 + 0/(-1 + 3). Suppose b*s - 96 = -2*s. Let m = s - 9. What is the units digit of m?
9
Let y = -5 + 11. Let i(q) = -q + 6. Let p be i(y). Suppose -4*o - b - 11 + 52 = 0, -5*o + 5*b + 20 = p. What is the units digit of o?
9
Let n(p) = 13*p**2 + 12*p + 20. What is the tens digit of n(-8)?
5
Suppose c + 3 = 2, -410 = -3*q + 2*c. Let x = q + -84. What is the tens digit of x?
5
Suppose -k + 33 - 5 = 0. Let p = 32 - k. Suppose p*j + 4*j = 448. What is the tens digit of j?
5
Let d be 69/(-21) + (-10)/(-35). Let r be ((-3)/2)/(d/(-4)). Let i = 4 + r. What is the units digit of i?
2
Let v(d) = d**3 - 8*d**2 + 7*d - 2. Let g be v(7). Let y be (0 + -2)/(12/(-48)). Let u = g + y. What is the units digit of u?
6
Suppose -5*r = -r. Suppose 3*s - s + o - 35 = r, 3*s - 54 = -o. What is the tens digit of s?
1
What is the tens digit of (124/5)/(-7 - 144/(-20))?
2
Let k(v) = v**3 + 8*v**2 - 2*v - 8. Let o(g) = -g**2 + 12*g + 9. Let f be o(12). Suppose -f + 49 = -5*s. What is the units digit of k(s)?
8
Suppose -1969 = -3*o - 3*p + p, -3*p - 2597 = -4*o. What is the hundreds digit of o?
6
What is the hundreds digit of (-4684)/(-6)*(-2)/4*-3?
1
What is the tens digit of (-81)/2*6/(-1)?
4
Suppose -13*t + 19*t = 6528. What is the hundreds digit of t?
0
Suppose -4*l + 3*j + 11 = 0, 0 = -l - 0*j - j + 8. Suppose -d + 39 = d + u, 21 = 2*d - l*u. Let h = d - 14. What is the units digit of h?
4
Suppose -73*b = 7407 - 149976. What is the thousands digit of b?
1
Let p(y) = y**3 - 8*y + 1. Let q be p(3). Suppose 5*u + 2*s = q*u + 103, 5*u - 545 = 5*s. What is the hundreds digit of u?
1
Suppose 241 = 2*z + 37. Let h = 871 + -871. Suppose h = -3*p + 6*p - z. What is the units digit of p?
4
Let y(a) = 6*a**2 + 0 - 2 - 2 + 3 + a**3. Let o be y(-6). What is the tens digit of o/(36/(-35) - -1)?
3
Let m = 20 - 12. Let u = -12 + m. What is the units digit of ((-4)/6)/(u/168)?
8
Let h = -48 + 45. What is the tens digit of 0 - h/((-15)/(-190))?
3
Let d(i) = 32*i - 7. What is the tens digit of d(5)?
5
Suppose p = 0, 3*p = 4*j - 0*j - 12. Suppose t = -5*x - j*t + 12, x + 6 = -5*t. Suppose -x*v - 3 + 47 = 0. What is the tens digit of v?
1
Let i(l) = -l**3 + l**2 + 7. Let r(c) = 23*c - 23*c + c**3 + 12*c**2. Let w be r(-12). What is the units digit of i(w)?
7
Let x(o) = -4*o + 354. What is the units digit of x(19)?
8
Let d(h) be the third derivative of h**5/20 - h**4/6 - 2*h**3/3 - h**2. Suppose -4*p = -4*c - 0*p + 8, 0 = p + 5. What is the units digit of d(c)?
5
Let d(m) = -m**2 - 4*m + 5. Let h be d(2). Let w = h + 12. Suppose w*j - 177 = -72. What is the tens digit of j?
2
Let v(y) = 5*y**2 - 10*y + 12. Let n be v(5). Let c = n + -35. What is the units digit of c?
2
What is the tens digit of 1617 + 20/25*-5?
1
Let t(y) = y**2 - 11*y + 14. Let c be t(11). Let h = c + -20. Let a = -1 - h. What is the units digit of a?
5
What is the units digit of -2 - ((-20)/15)/(-4)*-687?
7
What is the tens digit of 1 - -4 - (-6 - -5088)/(-6)?
5
Let a(o) = o**2 + 5*o - 2. Let k(h) = -h**3 + 6*h**2 - 2*h + 7. Let y be k(6). Let n be a(y). What is the units digit of (-392)/(-18) + n/(-9)?
2
Let t(z) = -3*z - 24. Let f be t(-11). What is the units digit of (f/6)/(15/730)?
3
Let r(a) = 203*a - 63. What is the tens digit of r(3)?
4
Let f(s) = 30*s + 6. Let p be f(-4). Suppose 2*z - 2*m + 168 = 0, 3*z + 4*m + 228 = m. Let c = z - p. What is the tens digit of c?
3
Suppose 0 = -8*y + 7*y - 197. Let r = y - -389. What is the tens digit of r?
9
Suppose 6*r - 5053 = -1285. What is the tens digit of r?
2
Let j be 6/(-6) - (-144)/(-2). Let m = -41 - j. What is the tens digit of m?
3
Let p(s) = s**2 - 9*s - 4. Let v be p(10). Suppose 9 = -5*t - v, 3*r - 3*t - 159 = 0. What is the tens digit of r?
5
Let z(o) = -2*o + 7 + 2*o**2 - o**2 - 4. Let h be 1*(-4 + -2) + (-3)/(-1). What is the units digit of z(h)?
8
What is the hundreds digit of 75910/65 + (-2)/(-65)*5?
1
Let s(i) = -90*i - 17. What is the thousands digit of s(-17)?
1
Suppose -8 = -c - c. Suppose 2*v = -v - 3*d + 141, 184 = c*v + 2*d. What is the units digit of v?
5
Let q(s) = 4*s**2 - 16*s + 5. Let n(u) = u**2 + u - 1. Let z(a) = -2*n(a) + q(a). What is the units digit of z(13)?
1
Let p(f) be the third derivative of -f**5/60 - f**4/4 - f**3 + f**2. Let d = 39 + -43. What is the units digit of p(d)?
2
Suppose 2*t = -4*l - 10, 3*t - 5*l + l - 25 = 0. Suppose -6 = -2*b, 4*v - b - 66 = -t*b. What is the tens digit of v?
1
What is the units digit of -5 - (-7)/(7/754)?
9
Let z(u) = u**3 + 3*u**2 - u + 122. What is the tens digit of z(0)?
2
Suppose -4*j - 48 = -6*j. Let g be (-6)/(-39) - j/(-13). Suppose 4*t + 4 = b, -6*t - 24 = -2*b - g*t. What is the units digit of b?
0
Suppose 16 = -a - 115. Let d = -108 - a. What is the tens digit of d?
2
Suppose 2*g + 6*g - 16 = 0. Suppose -2*b = -3*s + 10, g*b - 7 = -5*s - 1. Suppose 4*i - 151 = i + 4*k, -s*i + 5*k + 89 = 0. What is the units digit of i?
7
Let l be (-1)/(-2)*(5 + -13). Let m(y) = 1. Let w(n) = -2*n + 14. Let p(t) = -6*m(t) + w(t). What is the tens digit of p(l)?
1
Suppose -2*v + 3*p = -3645, 4*v + 8*p - 11*p - 7287 = 0. What is the units digit of v?
1
Let y = -12 - 12. Suppose 3*t - 160 = 5. Let h = t + y. What is the units digit of h?
1
Let k = 29 - 21. Let g(o) = -9*o**3 + 6*o**3 + 13*o**2 + 5*o**3 - k*o + 9. What is the units digit of g(-7)?
6
Let o(l) = -3*l - 6. Let a be o(10). Let k be -3 + a/(-1) + 0. Suppose -3*g + k = -0*g. W